ts digit of b?
4
Suppose -484 = 4*s - 5*p - 4284, -3*s = -3*p - 2847. Suppose 0 = n - 3*n + 3*k + 378, 3*k = 5*n - s. What is the hundreds digit of n?
1
Let d(z) = 851*z - 155. What is the units digit of d(4)?
9
Let m(v) = 13*v**3 - v**2 - v. Let b be m(-1). Let x = b + 18. Suppose o = -x, 0*d - 2*o = d + 2. What is the units digit of d?
8
Suppose 9*w - 7*w = -272. Suppose -4*m + 7*m = 42. What is the tens digit of (w/14)/(m/(-49))?
3
Suppose -20 = -5*m, 3*m + 656 = -2*d + 2824. What is the hundreds digit of d?
0
Let v be 1/(1/9) - -3. Suppose 3*r + 4*c - c = 9, v = 4*r - 4*c. What is the units digit of r/(-12) + (-196)/(-16)?
2
Let w be ((-2)/4)/((-5)/1070). Suppose -2*h + 27 = -5*i - w, 0 = i - 4*h + 16. Let v = 49 + i. What is the tens digit of v?
2
Let s be 2/5 - 4/10. Suppose -2*d - 3*d - 2*r = -107, d - 5*r - 43 = s. Suppose t - d = -3. What is the units digit of t?
0
Suppose 168 = 8*v - 20*v. Let p = 268 + v. What is the tens digit of p?
5
Let q be (-18)/6*(1/(-1) + 0). Suppose -q*i + 342 = 5*x, -5*x - 63 = -3*i - 411. What is the tens digit of x?
6
Let b = -1556 - -2178. What is the hundreds digit of b?
6
Suppose -5*o + 3874 = 3*a, -4*a + 22*o = 24*o - 5170. What is the thousands digit of a?
1
Suppose 1 = -j - 2, 2*j - 75 = -3*f. Let x be (f/18)/(3/(-200)). What is the tens digit of (-2)/(2 + 208/x)?
2
Suppose 7*d + 714 = 6062. What is the units digit of d?
4
What is the tens digit of ((-41)/3)/(256/264 + -1)?
5
Suppose 0 = 4*q - 2210 - 2750. Suppose c + 5 = 0, c + q = 6*b - b. What is the tens digit of b?
4
Let i be 1 - 33 - (4 + -3). What is the tens digit of i*(-4 + 4 - 1)?
3
Suppose -5*n = 4*g + 15, n + 0*n + 24 = -5*g. What is the hundreds digit of (-2)/8 - -898*g/(-40)?
1
Suppose 0*f - 3*f = -x + 1782, -4*f - 3564 = -2*x. What is the tens digit of x?
8
Suppose 21*y - 19*y = 6. What is the tens digit of 24 + -3 + (2 - y/(-3))?
2
Suppose 98037 = 39*f - 122079. What is the hundreds digit of f?
6
Suppose -6*k - 118 = 20. Let j = k + 70. What is the tens digit of j?
4
Suppose -a + 92 = -5*r, 2*a - a + 3*r - 116 = 0. Let m = -77 + a. What is the tens digit of m?
3
Suppose -484*f = -473*f - 12001. What is the thousands digit of f?
1
Let v = 21 + -18. What is the tens digit of (66/4 - v)*2?
2
Let w be (-18)/(-8) - (-3)/(-12). Suppose o - 48 = -f, -f + w*o + 30 + 9 = 0. What is the tens digit of f?
4
Let m = -3 - -5. Suppose 3*v + r + m = 5*r, 0 = -r + 5. Suppose w + v*h - 58 = 2*h, h + 38 = w. What is the units digit of w?
2
Let y(k) = 2591*k**2 + 3*k + 2. What is the thousands digit of y(1)?
2
Let i be (-2)/8 - 784/(-64). Suppose i = r - 35. What is the units digit of r?
7
Let b(d) = -d**2 - 5*d - 4. Let o be b(-3). Suppose -o*a = -4*f - 1 - 5, -5*f + 6 = -a. What is the units digit of a?
9
Let p = 3778 - 2423. What is the hundreds digit of p?
3
Let m = 176 + 22. What is the units digit of (5 - m/(-10))/(1/5)?
4
Let g(f) be the first derivative of 87*f**2/2 + 2*f + 6. What is the units digit of g(1)?
9
Let s = 28 + -31. Let k be s*1*826/(-21). What is the tens digit of k/8 + (-12)/16?
1
Suppose 46 = -3*m - 32. Suppose l = -2*l + 117. Let b = m + l. What is the units digit of b?
3
Let y(m) = m**2 - 16*m + 22. Let l be y(19). Suppose 0 = -s + l - 23. What is the units digit of s?
6
Let p(s) be the second derivative of s**5/4 - 5*s**4/12 + 2*s**3/3 + s**2/2 + 12*s. What is the tens digit of p(3)?
0
Let n(x) be the third derivative of 5*x**5/12 - x**4/8 - x**3/3 + 4*x**2. Let a be n(-2). Suppose a = 4*r - 24. What is the units digit of r?
2
Suppose 24*k = 9748 + 25268. What is the tens digit of k?
5
Suppose -15 = 2*n - 7*n. Let l(a) = 1 - 9*a**2 + 2 + a**n + a**2. What is the units digit of l(8)?
3
Let x(i) be the first derivative of -i**2/2 - 4*i - 11. Let a(z) = 4*z + 16. Let q(d) = -2*a(d) - 9*x(d). What is the units digit of q(5)?
9
Suppose 79*a - 83*a - 5855 = -5*u, 3513 = 3*u + 5*a. What is the units digit of u?
1
Let u = 311 + -207. Suppose -u = -n + 3*b, -2*n = 2*b - b - 173. What is the units digit of n?
9
Suppose -4 = -k - 18. Let n = k - -97. What is the tens digit of n?
8
Suppose 14*f = g + 10*f - 57, 0 = 2*g - 3*f - 94. What is the units digit of g?
1
Suppose -24 = 5*i - 9*i. Suppose f - 41 = -i. What is the units digit of f?
5
Suppose 10*i - 13*i = -57. Suppose 4*d - 13 = i. What is the units digit of d?
8
Let p(g) = 3*g - 1. Let j be p(3). Suppose 3*m = 9, c + m - j = 2*m. What is the units digit of c?
1
Let k = -145 - -260. Suppose -a + 6*a = k. Let g = 6 + a. What is the tens digit of g?
2
Let v = 880 + -590. Suppose 22 + v = 3*s + x, 3*s - 300 = -5*x. What is the units digit of s?
5
Suppose -2*o + 4*l = -20, -2*l - 15 = l. Suppose o*y + 2*y = 2*t + 182, -5*y + 440 = -2*t. What is the units digit of y?
6
Suppose k = 5*i - 2*k - 294, -242 = -4*i - k. Suppose -3 + i = t. What is the units digit of t?
7
Let m be (-5 + 1)/(-4)*11. Let t = 14 - m. Suppose 3*a - 38 = 2*r, -t*a + 3*r + r + 28 = 0. What is the units digit of a?
6
Suppose -p = 4*p - 25. Let q(b) = -b + 11. Let u be q(p). Let f = u - -34. What is the tens digit of f?
4
Suppose 18 + 12 = 2*h. Suppose -5*n - 4*i + h = 0, n - 3*i = 2 + 1. Suppose -n*s = -38 + 14. What is the units digit of s?
8
Suppose -4*f + 656 = 10*c - 7*c, -5*f + 843 = -2*c. Let p = f + -73. What is the tens digit of p?
9
Suppose -40 = -n + 176. Suppose -22*u - n = -23*u. What is the hundreds digit of u?
2
Let c(l) be the first derivative of -5/2*l**2 - 4 - 8*l. What is the tens digit of c(-10)?
4
Let z = 398 + -264. Suppose 4*x - z = 34. What is the tens digit of x?
4
Let p(c) = 4*c**2 + 11*c - 102. What is the tens digit of p(7)?
7
Suppose 6 = 5*z - 9. Suppose 0 = -11*r + 16*r - 240. Suppose g + r = z*g. What is the units digit of g?
4
Let u(r) = -13*r**3 + 8*r + 16. Let f be u(-10). What is the hundreds digit of (8/(-3))/((-11)/(f/16))?
1
Let a(h) = -h**3 + 5*h**2 + h + 1. Let j be a(5). Let r be 2/j - 8/(-12). What is the tens digit of 275/10 - r/(-2)?
2
What is the units digit of 5/((-15)/2864)*129/(-86)?
2
Let g be 9/(-4)*(-16)/6. Suppose 3*c + 2*o = -196, -g + 22 = 4*o. What is the tens digit of 3/(2 + c/36)?
2
Suppose 136 = 26*d - 25*d. What is the hundreds digit of d?
1
Suppose -5*d + 9 = -0*i + 3*i, 0 = 2*d - 2*i - 10. What is the units digit of d?
3
Suppose q + 2*i = 1146, 4*q - 2*i - 3708 = 846. What is the units digit of q?
0
Suppose -5*t + 0*t = -15, 121 = y - 2*t. Let r = y - 45. What is the tens digit of r?
8
Let a be 3/(-12) - (-498)/8. Suppose 4*z = 5*i + 10 + a, 54 = 3*z + i. Let o = z + -17. What is the units digit of o?
1
Let a(q) = -2*q - 12. Let m be a(-6). Let p(b) = 2*b + 2. Let h be p(m). Suppose -h*y + 220 = 4*u - 3*y, -5*u + 284 = y. What is the units digit of u?
6
Let n(j) = 130*j. Let l be n(1). Let b = l - 94. What is the units digit of b?
6
Suppose 4*c - 2*o - 214 = 0, c + 2*o - 50 = 6*o. What is the hundreds digit of (-6)/c*-1749 + 2/3?
1
Let b(f) = 148*f**2 - 63*f - 1. What is the tens digit of b(4)?
1
Let r(m) = m**3 + 19*m**2 - m - 14. Let o be r(-19). Suppose 3*q - 151 = -5*x, -2*x - 286 = -o*q - 86. What is the tens digit of q?
4
Suppose -3*v + 5*i - i + 969 = 0, 2*i - 6 = 0. Suppose t - v = -2*c - 60, -c = 3. What is the units digit of t/28 + (-3)/4?
9
Let q(k) = k**3 + 4 + 0*k**3 + 4*k - 6 - 2*k**2 - 9*k. What is the units digit of q(4)?
0
Let w(d) = -d**2 - 4*d - 15. Let h(a) = -a. Let c(k) = -4*h(k) - w(k). Let i = -310 - -304. What is the units digit of c(i)?
3
Suppose -a + 1667 = 6*s - 4*s, -823 = -s + 3*a. What is the hundreds digit of s?
8
Suppose -14*q = -5*q + 1242. What is the units digit of ((-4)/(-1))/((-12)/q)?
6
Suppose 8 = 3*n - n, -3*b - 12 = -3*n. Suppose b = -3*w - 12, 3*k + 5*w - 97 = -0*w. What is the tens digit of k?
3
Suppose 3*x + 5*o = -13, -7*x - 40 = -3*x + o. Let d = -9 - x. Suppose 0 = -2*l + 6, b = -2*b - d*l + 48. What is the units digit of b?
4
Let c = 30 + -24. Suppose c*j = 11 + 7. What is the units digit of j?
3
Let b = 81 - 81. What is the tens digit of (b - -3) + (177 - 5)?
7
Let r = -984 - -1831. What is the units digit of r?
7
Suppose -18*r = -22*r + 4. Let k(y) = 70*y**2 - 6*y - 7. Let c(s) = 141*s**2 - 11*s - 13. Let v(w) = 6*c(w) - 11*k(w). What is the units digit of v(r)?
5
What is the tens digit of 3/((-18)/556)*(